{"id":211,"date":"2025-06-04T09:59:12","date_gmt":"2025-06-04T07:59:12","guid":{"rendered":"https:\/\/www.basicstoulouse.fr\/?page_id=211"},"modified":"2025-09-22T21:45:28","modified_gmt":"2025-09-22T19:45:28","slug":"spectateurs","status":"publish","type":"page","link":"https:\/\/www.basicstoulouse.fr\/index.php\/spectateurs\/","title":{"rendered":"Spectateurs"},"content":{"rendered":"\n<div class=\"wp-block-cover alignwide is-light\"><span aria-hidden=\"true\" class=\"wp-block-cover__background has-background-dim-100 has-background-dim\" style=\"background-color:#ffffff\"><\/span><div class=\"wp-block-cover__inner-container is-layout-flow wp-block-cover-is-layout-flow\">\n<figure class=\"wp-block-image size-large\"><img loading=\"lazy\" decoding=\"async\" width=\"1024\" height=\"133\" src=\"https:\/\/www.basicstoulouse.fr\/wp-content\/uploads\/2025\/09\/HELLO-ASSO-BAN-1024x133.png\" alt=\"\" class=\"wp-image-277\" srcset=\"https:\/\/www.basicstoulouse.fr\/wp-content\/uploads\/2025\/09\/HELLO-ASSO-BAN-1024x133.png 1024w, https:\/\/www.basicstoulouse.fr\/wp-content\/uploads\/2025\/09\/HELLO-ASSO-BAN-300x39.png 300w, https:\/\/www.basicstoulouse.fr\/wp-content\/uploads\/2025\/09\/HELLO-ASSO-BAN-768x100.png 768w, https:\/\/www.basicstoulouse.fr\/wp-content\/uploads\/2025\/09\/HELLO-ASSO-BAN-1536x200.png 1536w, https:\/\/www.basicstoulouse.fr\/wp-content\/uploads\/2025\/09\/HELLO-ASSO-BAN.png 1920w\" sizes=\"auto, (max-width: 1024px) 100vw, 1024px\" \/><\/figure>\n\n\n\n<div class=\"wp-block-media-text alignwide is-stacked-on-mobile is-vertically-aligned-center\" style=\"padding-right:0;padding-left:0;grid-template-columns:36% auto\"><figure class=\"wp-block-media-text__media\"><img loading=\"lazy\" decoding=\"async\" width=\"819\" height=\"1024\" src=\"http:\/\/www.basicstoulouse.fr\/wp-content\/uploads\/2025\/09\/10-819x1024.png\" alt=\"\" class=\"wp-image-290 size-full\" srcset=\"https:\/\/www.basicstoulouse.fr\/wp-content\/uploads\/2025\/09\/10-819x1024.png 819w, https:\/\/www.basicstoulouse.fr\/wp-content\/uploads\/2025\/09\/10-240x300.png 240w, https:\/\/www.basicstoulouse.fr\/wp-content\/uploads\/2025\/09\/10-768x960.png 768w, https:\/\/www.basicstoulouse.fr\/wp-content\/uploads\/2025\/09\/10.png 1080w\" sizes=\"auto, (max-width: 819px) 100vw, 819px\" \/><\/figure><div class=\"wp-block-media-text__content\">\n<h2 class=\"wp-block-heading has-medium-font-size\">Venez assister au show !<\/h2>\n\n\n\n<p>La comp\u00e9tition se d\u00e9roule du vendredi soir au dimanche apr\u00e8s-midi.<\/p>\n\n\n\n<p>Notre floor principal sera anim\u00e9 par ce duo de choc :<\/p>\n\n\n\n<ul class=\"wp-block-list\">\n<li class=\"has-ast-global-color-3-color has-text-color has-link-color wp-elements-e7ad9a0df2f44d51e5dfe8e1e03c0e4e\">Reyda  : actuel speaker du stade Toulousain, une \u00e9nergie folle, un crossfitter et amoureux de ce sport depuis longue date<\/li>\n\n\n\n<li class=\"has-ast-global-color-3-color has-text-color has-link-color wp-elements-59a137a736bd3edd03c3ba845c95cf6c\">Thomas : l&rsquo;une des voix embl\u00e9matique de notre sport, une \u00e9nergie \u00e9galement incroyable et \u00e9galement un pratiquant de la discipline<\/li>\n<\/ul>\n\n\n\n<p><strong>D\u00e9couvrez notre village partenaire et animation.<\/strong><\/p>\n\n\n\n<p>Plongez dans l\u2019univers des BASICS :<br>\ud83d\udc49 Marques textiles et compl\u00e9ments pour sportifs<br>\ud83d\udc49 Food trucks pour vous r\u00e9galer<br>\ud83d\udc49 Tatoueurs pr\u00e9sents sur place<br>\ud83d\udc49 Un espace WOD et animations pour vibrer avec les athl\u00e8tes<\/p>\n\n\n\n<div class=\"wp-block-buttons is-layout-flex wp-block-buttons-is-layout-flex\">\n<div class=\"wp-block-button\"><a class=\"wp-block-button__link wp-element-button\" href=\"https:\/\/www.helloasso.com\/associations\/toulouse-perform-asso\/evenements\/basics-toulouse\">Billeterie en ligne<\/a><\/div>\n\n\n\n<div class=\"wp-block-button\"><a class=\"wp-block-button__link wp-element-button\" href=\"#wodsp\">Session WOD spectateurs<\/a><\/div>\n<\/div>\n<\/div><\/div>\n<\/div><\/div>\n\n\n\n<h2 class=\"wp-block-heading has-text-align-center\" id=\"wodsp\">WOD spectateurs<\/h2>\n\n\n\n<div class=\"wp-block-columns is-layout-flex wp-container-core-columns-is-layout-28f84493 wp-block-columns-is-layout-flex\">\n<div class=\"wp-block-column is-layout-flow wp-block-column-is-layout-flow\" style=\"flex-basis:50%\">\n<figure class=\"wp-block-image size-large is-resized\"><img loading=\"lazy\" decoding=\"async\" width=\"819\" height=\"1024\" src=\"http:\/\/www.basicstoulouse.fr\/wp-content\/uploads\/2025\/09\/PUBLI-BASICS-INSTA-SEPTEMBRE-4-819x1024.png\" alt=\"\" class=\"wp-image-297\" style=\"width:400px\" srcset=\"https:\/\/www.basicstoulouse.fr\/wp-content\/uploads\/2025\/09\/PUBLI-BASICS-INSTA-SEPTEMBRE-4-819x1024.png 819w, https:\/\/www.basicstoulouse.fr\/wp-content\/uploads\/2025\/09\/PUBLI-BASICS-INSTA-SEPTEMBRE-4-240x300.png 240w, https:\/\/www.basicstoulouse.fr\/wp-content\/uploads\/2025\/09\/PUBLI-BASICS-INSTA-SEPTEMBRE-4-768x960.png 768w, https:\/\/www.basicstoulouse.fr\/wp-content\/uploads\/2025\/09\/PUBLI-BASICS-INSTA-SEPTEMBRE-4.png 1080w\" sizes=\"auto, (max-width: 819px) 100vw, 819px\" \/><\/figure>\n<\/div>\n\n\n\n<div class=\"wp-block-column is-layout-flow wp-block-column-is-layout-flow\" style=\"flex-basis:50%\">\n<div class=\"wp-block-amelia-events-list-booking-gutenberg-block\"><script>\n  if (typeof hasAmeliaEvent === 'undefined') {\n    var hasAmeliaEvent = true;\n  }\n  if (typeof hasEventApiCall === 'undefined' && ('' === '' && '' !== '1')) {\n    var hasEventApiCall = true;\n  }\n  var hasEventShortcode = (typeof hasEventShortcode === 'undefined') ? false : true;\n  var ameliaShortcodeData = (typeof ameliaShortcodeData === 'undefined') ? [] : ameliaShortcodeData;\n  ameliaShortcodeData.push(\n    {\n      'hasApiCall': (typeof hasEventApiCall !== 'undefined') && hasEventApiCall,\n      'trigger': '',\n      'trigger_type': '',\n      'triggered_form': 'elf',\n      'in_dialog': '',\n      'counter': '1000',\n      'employee': '',\n      'eventId': '',\n      'eventRecurring': 0,\n      'eventTag': \"\",\n      'locationId': \"\"\n    }\n  );\n  var ameliaShortcodeDataTriggered = (typeof ameliaShortcodeDataTriggered === 'undefined') ? [] : ameliaShortcodeDataTriggered;\n  if (ameliaShortcodeData[ameliaShortcodeData.length - 1].trigger !== '') {\n    if (ameliaShortcodeDataTriggered.filter(a => a.counter === ameliaShortcodeData[ameliaShortcodeData.length - 1].counter).length === 0) {\n      ameliaShortcodeDataTriggered.push(ameliaShortcodeData.pop());\n    } else {\n      ameliaShortcodeData.pop()\n    }\n  }\n  if (typeof hasEventApiCall !== 'undefined' && hasEventApiCall) {\n    hasEventApiCall = false;\n  }\n<\/script>\n\n<div\n  id=\"amelia-v2-booking-1000\"\n  class=\"amelia-v2-booking\"\n>\n    <events-list-form-wrapper><\/div>\n<\/div>\n<\/div>\n<\/div>\n","protected":false},"excerpt":{"rendered":"<p>WOD spectateurs<\/p>\n","protected":false},"author":1,"featured_media":0,"parent":0,"menu_order":0,"comment_status":"closed","ping_status":"closed","template":"","meta":{"site-sidebar-layout":"default","site-content-layout":"","ast-site-content-layout":"","site-content-style":"default","site-sidebar-style":"default","ast-global-header-display":"","ast-banner-title-visibility":"","ast-main-header-display":"","ast-hfb-above-header-display":"","ast-hfb-below-header-display":"","ast-hfb-mobile-header-display":"","site-post-title":"","ast-breadcrumbs-content":"","ast-featured-img":"","footer-sml-layout":"","theme-transparent-header-meta":"","adv-header-id-meta":"","stick-header-meta":"","header-above-stick-meta":"","header-main-stick-meta":"","header-below-stick-meta":"","astra-migrate-meta-layouts":"default","ast-page-background-enabled":"default","ast-page-background-meta":{"desktop":{"background-color":"var(--ast-global-color-5)","background-image":"","background-repeat":"repeat","background-position":"center center","background-size":"auto","background-attachment":"scroll","background-type":"","background-media":"","overlay-type":"","overlay-color":"","overlay-opacity":"","overlay-gradient":""},"tablet":{"background-color":"","background-image":"","background-repeat":"repeat","background-position":"center center","background-size":"auto","background-attachment":"scroll","background-type":"","background-media":"","overlay-type":"","overlay-color":"","overlay-opacity":"","overlay-gradient":""},"mobile":{"background-color":"","background-image":"","background-repeat":"repeat","background-position":"center center","background-size":"auto","background-attachment":"scroll","background-type":"","background-media":"","overlay-type":"","overlay-color":"","overlay-opacity":"","overlay-gradient":""}},"ast-content-background-meta":{"desktop":{"background-color":"var(--ast-global-color-4)","background-image":"","background-repeat":"repeat","background-position":"center center","background-size":"auto","background-attachment":"scroll","background-type":"","background-media":"","overlay-type":"","overlay-color":"","overlay-opacity":"","overlay-gradient":""},"tablet":{"background-color":"var(--ast-global-color-4)","background-image":"","background-repeat":"repeat","background-position":"center center","background-size":"auto","background-attachment":"scroll","background-type":"","background-media":"","overlay-type":"","overlay-color":"","overlay-opacity":"","overlay-gradient":""},"mobile":{"background-color":"var(--ast-global-color-4)","background-image":"","background-repeat":"repeat","background-position":"center center","background-size":"auto","background-attachment":"scroll","background-type":"","background-media":"","overlay-type":"","overlay-color":"","overlay-opacity":"","overlay-gradient":""}},"footnotes":""},"class_list":["post-211","page","type-page","status-publish","hentry"],"_links":{"self":[{"href":"https:\/\/www.basicstoulouse.fr\/index.php\/wp-json\/wp\/v2\/pages\/211","targetHints":{"allow":["GET"]}}],"collection":[{"href":"https:\/\/www.basicstoulouse.fr\/index.php\/wp-json\/wp\/v2\/pages"}],"about":[{"href":"https:\/\/www.basicstoulouse.fr\/index.php\/wp-json\/wp\/v2\/types\/page"}],"author":[{"embeddable":true,"href":"https:\/\/www.basicstoulouse.fr\/index.php\/wp-json\/wp\/v2\/users\/1"}],"replies":[{"embeddable":true,"href":"https:\/\/www.basicstoulouse.fr\/index.php\/wp-json\/wp\/v2\/comments?post=211"}],"version-history":[{"count":16,"href":"https:\/\/www.basicstoulouse.fr\/index.php\/wp-json\/wp\/v2\/pages\/211\/revisions"}],"predecessor-version":[{"id":300,"href":"https:\/\/www.basicstoulouse.fr\/index.php\/wp-json\/wp\/v2\/pages\/211\/revisions\/300"}],"wp:attachment":[{"href":"https:\/\/www.basicstoulouse.fr\/index.php\/wp-json\/wp\/v2\/media?parent=211"}],"curies":[{"name":"wp","href":"https:\/\/api.w.org\/{rel}","templated":true}]}}